, -2*i - 2*i = 4. Let n(b) = 3*b**2 + 7*b + 10. Let t(r) = -2*r**2 - 6*r - 9. Let z(v) = k*n(v) + 4*t(v). Give z(h).
4
Suppose 10*i - 15 = 5*i. Suppose a - i = 4*o + 15, 2*a = -3*o + 58. Suppose 5*v = -2*q + a, 4*v + v = 20. Let c(n) = n**2 + n - 4. Calculate c(q).
8
Let s(a) = a - 11*a**2 + 258 - 259 + 3*a**2. Calculate s(1).
-8
Let f(a) = -6*a - a**2 + 9*a - 2 + 5*a**2. Calculate f(2).
20
Suppose 57 = 5*n - 33. Suppose 5*p - 2*a - n = 0, -3*a + 0*a = -3. Let r(j) = j + 4. What is r(p)?
8
Let q be (-11)/(-2) + 3/(-6). Let g = -1 + q. Let s(n) = n - 5. Give s(g).
-1
Let f(w) = 2*w**2 - w - 2*w - w + 3 - w**3. Suppose 0 = s, m - 2*s + 1 - 3 = 0. What is f(m)?
-5
Let a be (-4 - 21)*-1 - 0. Suppose 5*h + 5*q - a = -0*q, h - q = -3. Let u(d) = 6*d**2 + d. Calculate u(h).
7
Let h(o) = 3 - 3*o**2 - 3*o + 2*o**2 + 2*o**2. Let x be -1 + (-1)/((-3)/9). Let y = x - -2. Give h(y).
7
Let c(r) be the first derivative of r**4/24 - r**3/6 - r**2/2 + 2. Let f(s) be the second derivative of c(s). Determine f(-4).
-5
Let d(x) = -5*x + 1. Let h(w) = w. Suppose 0*j + 4*p = j - 10, 3*j + p + 22 = 0. Let y(f) = j*h(f) - d(f). Determine y(0).
-1
Let x be (3/2)/((-6)/8). Let y(m) be the first derivative of -m**3/2 - 3*m**2/2 + 2*m + 2. Let f(q) be the first derivative of y(q). Give f(x).
3
Let r(y) be the third derivative of y**4/24 - 7*y**3/6 - 2*y**2. Let t = 19 - 13. Let f be r(t). Let n(g) = 8*g - 1. Give n(f).
-9
Suppose 5 + 0 = -5*c. Let v be 0 - -1*(-1 - c). Let m(h) = -2*h + 0*h - 6 - h**3 + h**2 + h. What is m(v)?
-6
Let z(o) = 2 - 1 - 4*o + 2*o**3 - 2*o**2 - 2*o**3 + o**3. Let f = -8 - -11. What is z(f)?
-2
Let z be ((-2)/(-6))/(20/60). Let o(m) = m**2 + m. What is o(z)?
2
Let t(k) = k**3 + k**2 - k - 6. Let o = -7 + 17. Let j be (-828)/30 + (-4)/o. Let l be (-8)/j - (-4)/(-14). Calculate t(l).
-6
Let j = -13/3 + 53/12. Let l(q) be the third derivative of 0 + 0*q + 1/30*q**5 - 1/6*q**3 - 2*q**2 - j*q**4. Calculate l(-1).
3
Let y(j) be the second derivative of 0 - 1/12*j**4 + 0*j**3 + 1/2*j**2 + j + 1/5*j**5. Suppose -5 + 2 = -3*g. Give y(g).
4
Let s(b) = b**2 + 4. Let o(g) = 1. Let z(d) = -5*o(d) + s(d). Let k(x) = -2*x**3 - 4*x**2 - x + 1. Let m(j) = k(j) + 2*z(j). Calculate m(-2).
9
Let k(d) = -11*d**2 + 8*d + 5. Let f(o) = -5*o**2 + 4*o + 2. Let a(b) = -7*f(b) + 3*k(b). Suppose -2*h - y + 2*y + 6 = 0, 2*y = 0. Determine a(h).
7
Let z = 3 - 5. Let q be (-2 - z*2) + -2. Let d(a) = -3 + q + 2*a + 2*a + a**2. What is d(-4)?
-3
Let l(p) = -4*p + 1 + p**3 + 0*p**2 + 3*p**2 + 0*p**2 - 2*p**2. Determine l(-3).
-5
Let t(d) be the third derivative of -d**6/120 - d**5/30 + d**4/12 - d**3/6 + 13*d**2. Determine t(2).
-13
Suppose 4*x - 3*b = 26, 3*b + 0*b = 5*x - 34. Let l(u) = -u**3 + 7*u**2 + 9*u - 3. What is l(x)?
5
Let j(o) = -o**2 + 5*o + 6. Let l be j(6). Let w(m) = 1 - m**2 - 2*m + l*m + m. Suppose 4*f - 2*k = 6 + 12, 2*f = 3*k + 19. Calculate w(f).
-5
Let w(v) = -v**3 + 2*v + 2. Let j be w(0). Let y(r) be the first derivative of r**j + 2 + r - 1/3*r**3. Determine y(3).
-2
Let y(j) be the third derivative of -1/3*j**3 - 3*j**2 + 0*j + 0 - 1/24*j**4. What is y(-4)?
2
Let n(s) = 2*s**2 - 4*s + 2. Let q = 9 - 7. Suppose -3*p + 0*o + q*o = 2, -5*o = -p - 5. Let g = 3 - p. Give n(g).
8
Let s(n) = 2 - n**3 + 8*n**2 - n**3 + n**3. Determine s(8).
2
Let c(b) = 2*b + 5. Suppose 205 = 4*q - 5*a, 4*q - 195 = a + 2*a. Let p = -5 - q. Let t be ((-6)/5)/((-15)/p). What is c(t)?
-3
Let p(m) = -2*m. Let i = 45 + -54. Determine p(i).
18
Let g(o) = o**3 + 3*o**2 + o + 4. Let f be g(-3). Let d(n) be the third derivative of 0*n + 0*n**3 - 1/24*n**6 + 0 + 2*n**2 - 1/24*n**4 + 1/60*n**5. Give d(f).
-5
Let j(g) be the second derivative of g**5/20 - g**4/12 - g**3/6 - 2*g. Let y be j(-1). Let o be 1/2*(-3 - y). Let t(w) = -3*w**2 - w. What is t(o)?
-2
Let g(q) = -10*q**2 - 3. Let w(n) = -3*n**2 - 1. Suppose 0 = 3*s + 22 - 1. Let a(k) = s*w(k) + 2*g(k). Calculate a(1).
2
Let y(m) = 3*m**2 + 3*m + 14. Let f(k) = k**2 - k + 1. Let n(g) = -4*f(g) + y(g). Calculate n(9).
-8
Let w(t) = 9 + 0 - 14 + 6*t + 0*t**2 - t**2. Let n = -5 + 11. Give w(n).
-5
Let j(m) = -m**3 - 5*m**2 + 4*m + 5. Suppose -k = -0*k - 1. Let l(f) = 1 + 0*f**2 - f**2 + 2*f**2 - 2*f**2. Let n(i) = k*j(i) - 3*l(i). Give n(-3).
-1
Let q(o) = o - 1. Let x(v) be the first derivative of -3*v**2/2 + 8*v - 4. Let m(h) = -4*q(h) - x(h). What is m(-3)?
-1
Let f(v) = -v**2 + v + 1. Let l(a) be the first derivative of 4*a**3/3 - a**2 - 4*a + 4. Let t(p) = -3*f(p) - l(p). Let i = 0 + 1. What is t(i)?
-1
Let x(n) be the third derivative of -n**5/60 - 7*n**4/24 - n**3 + 3*n**2 - n. Give x(-4).
6
Let y(l) = -11*l**2 - 23*l + 8. Suppose 20 = -5*a - b, b - 1 = 3*a + 3. Let h(s) = 6 - 8*s - 1 - 4*s**2 - 2. Let d(k) = a*y(k) + 8*h(k). Calculate d(-4).
-4
Let h(a) be the first derivative of -a**3/3 - a**2/2 - 4*a - 22. What is h(3)?
-16
Let c(w) = 6*w**2 + w + 1. Let j(z) = -z**2 - 5*z - 1. Let k(y) = y + 8. Let h be k(-13). Let g be j(h). Give c(g).
6
Let y(t) be the third derivative of -5*t**4/24 - t**3/6 - 2*t**2. Suppose -l + 4*n - 20 + 5 = 0, 0 = -2*n + 8. Give y(l).
-6
Let d(p) = -p**3 + 4*p**2 + 4*p - 3. Let u(l) = l**3 - 3*l**2 - 4*l + 3. Let w(v) = -2*d(v) - 3*u(v). Give w(3).
-9
Let w(s) = 4 + 0*s**2 + 6*s**2 - 4 - 1. Let a = 3 - 5. Let u be (-2)/(-4)*a + 0. Give w(u).
5
Suppose z + 0 - 2 = 0. Let j be z*((-4)/(-1) - 1). Let v(i) = 2*i**3 - 3*i**2 - i + 5*i**2 - j*i**3. What is v(1)?
-3
Let j(p) be the first derivative of p**5/120 + p**4/24 + p**3 + 2. Let s(i) be the third derivative of j(i). Give s(4).
5
Let h(o) = 2*o**2 + o + 4 - 4 + 2*o - 4. Determine h(-3).
5
Let c(t) = 4*t + 12. Let v(f) = f + 4. Let u(h) = -2*c(h) + 7*v(h). Suppose -4*s = 6*s - s. Give u(s).
4
Let a(v) = 5*v**3 + 8*v**2 - v - 11. Let s(p) = 11*p**3 + 16*p**2 - p - 23. Let h(n) = 13*a(n) - 6*s(n). Let c = -2 - -9. Determine h(c).
-5
Let z(q) = -q**2 + 7*q. Let c be ((0 - 1)*-16)/2. Calculate z(c).
-8
Let z(p) be the third derivative of -p**9/60480 + p**8/5040 - p**7/1260 - p**5/30 - 3*p**2. Let j(w) be the third derivative of z(w). What is j(3)?
-3
Let t(i) be the third derivative of 1/40*i**6 - 1/24*i**4 + 0*i - 1/30*i**5 - 1/3*i**3 + 0 - 2*i**2. Give t(2).
12
Let w(v) = -v - 5. Suppose -2*f = 3*g - 39, -g - 5*f + 16 = 3. Let i = g + -13. Give w(i).
-5
Let k(w) = -2*w**3 + w**2 - 2*w + 1. Suppose -7 = l - 15. Let f(z) = z**3 - 7*z**2 - 7*z - 7. Let j be f(l). What is k(j)?
-2
Let o(v) = -4*v + 8. Let s(a) = 3*a - 8. Let c(q) = 5*o(q) + 6*s(q). Determine c(-6).
4
Let g(i) = 65*i + 25. Let o(m) = 8*m + 3. Let t(y) = -3*g(y) + 25*o(y). Let d(v) = 6*v. Let n(a) = -4*d(a) + 5*t(a). What is n(-1)?
-1
Let m(g) be the third derivative of g**4/8 - 21*g**2. Determine m(-4).
-12
Let m(d) = -6*d**3 - d**2 - 2*d - 1. Let z be m(-1). Suppose -x = 2*j - z*j - 5, 5*x - j - 6 = 0. Let f(t) = 9*t**2 - 1. Determine f(x).
8
Let m = 1 + -5. Let p be m/(-18) + 102/27. Let z(k) = -3 + 2 + k + p. Determine z(5).
8
Let n(l) = 10*l**2 + 13*l**2 + 1 - 24*l**2 - l. What is n(-3)?
-5
Let y(u) be the first derivative of u**4/4 - 5*u**3/3 - u**2/2 + 2*u - 1. Determine y(5).
-3
Let a(t) be the third derivative of -t**6/240 + t**5/40 + t**4/8 - 2*t**2. Let y(s) be the second derivative of a(s). What is y(2)?
-3
Let x be (-8 - 1)*(-4)/(-6). Let h(o) be the third derivative of o**4/24 - o**3/6 + 3*o**2. Determine h(x).
-7
Let i be 3/((-3)/(-2)) + 0. Let t = -16 - -22. Let l(o) = 7 - i*o + o**2 - t + 8*o. Calculate l(-5).
-4
Let w(d) = d**2 + 2*d. Let t = -86 - -85. What is w(t)?
-1
Let n(f) = -f**2 - 7*f + 7. Let g(r) = -4*r + 3. Let d(b) = -5*g(b) + 2*n(b). Determine d(4).
-9
Let v(p) = p**2 + 5*p + 3. Let t be v(-4). Let y(b) = -9*b**3 + b**2 - 9*b + 7. Let j(x) = -5*x**3 + x**2 - 5*x + 4. Let m(s) = -7*j(s) + 4*y(s). What is m(t)?
-1
Let i(k) = 3*k - 1. Let q(h) = 7*h - 2. Let y(u) = -5*i(u) + 2*q(u). Suppose 0*g + 5*g = 50. Suppose l = -5*s - 8, s - 3*l + g = l. What is y(s)?
3
Let v(w) = w**2 - 3*w - 18. Let d be v(-3). Let h(s) = s - 26. What is h(d)?
-26
Let t(j) = 4*j + 2. Let z be 24/(-28)*(-7 - 0). Suppose -z*u = 9 + 9. Give t(u).
-10
Let a(d) = -d - 3. Let s(l) be the second derivative of -l**3/6 - l**2 + 10*l. Let b be (0 - -6) + 0 + -1. Let y(z) = b*a(z) - 7*s(z). Give y(2